{"id":13,"date":"2013-05-31T20:03:36","date_gmt":"2013-05-31T18:03:36","guid":{"rendered":"http:\/\/www.salon-vera.sk\/web\/?page_id=13"},"modified":"2014-03-12T12:54:15","modified_gmt":"2014-03-12T10:54:15","slug":"permanentny-make-up","status":"publish","type":"page","link":"http:\/\/www.salon-vera.sk\/web\/kozmetika\/permanentny-make-up\/","title":{"rendered":"Permanentn\u00fd make-up"},"content":{"rendered":"<p><strong>Permanentn\u00fd make-up je kozmetick\u00e1 proced\u00fara, ktor\u00e1 spo\u010d\u00edva vo vpravovan\u00ed pigmentov pod ko\u017eu (asi do h\u013abky 0,3-0,6mm) \u0161peci\u00e1lnym tetovac\u00edm pr\u00edstrojom. Preto je trvanlivos\u0165 permanentn\u00e9ho make-upu do\u010dasn\u00e1, a to pod\u013ea intenzity pou\u017eitej farby od 18 mesiacov do 5rokov.<\/strong><\/p>\n<p><em>V Sal\u00f3ne VERA pon\u00fakame:<\/em><br \/>\n<strong>permanent\u00fd make-up obo\u010dia <span style=\"text-decoration: underline;\">\u010diarkovanou met\u00f3dou 3D<\/span><\/strong><b><br \/>\n<strong>permanent\u00fd make-up pier, a to bu\u010f iba kont\u00faru alebo aj <span style=\"text-decoration: underline;\">tie\u0148ovanie<\/span><\/strong><\/b>, \u010di\u017ee zapustenie farby do pier.<br \/>\n<strong>Cie\u013eom permanentn\u00e9ho make up-u je vytvorenie prirodzenej harm\u00f3nie tv\u00e1re, zd\u00f4raznenie o\u010d\u00ed, obo\u010dia alebo pier ,v\u0161etko po d\u00f4kladnom v\u00fdbere tvaru, ktor\u00fd najviac pristane charakteru tv\u00e1re a s v\u00fdberom farby, ktor\u00e1\u00a0 sa \u010do najviac hod\u00ed k podt\u00f3nu poko\u017eky. <\/strong>Pou\u017e\u00edvan\u00e9 pigmenty maj\u00fa charakteristick\u00e9 chemick\u00e9 vlastnosti , ost\u00e1vaj\u00fa v poko\u017eke ur\u010dit\u00fa dobu a postupne bledn\u00fa a str\u00e1caj\u00fa sa z poko\u017eky.<\/p>\n<p><strong>Naj\u010dastej\u0161ie \u00fakony permanentn\u00e9ho make up-u s\u00fa:<\/strong><\/p>\n<ul>\n<li>Zahustenie obo\u010dia<\/li>\n<li>Korekcia a obnova obo\u010dia<\/li>\n<li>Kont\u00fara pier<\/li>\n<li>Tie\u0148ovanie pier<\/li>\n<\/ul>\n<p>&nbsp;<\/p>\n<p><strong>V\u00a0posledn\u00fdch rokoch si permanentn\u00fd maku-up z\u00edskava \u010doraz v\u00e4\u010d\u0161iu popularitu a\u00a0st\u00e1va sa jednoduch\u00fdm a\u00a0pohodln\u00fdm rie\u0161en\u00edm pre \u017eeny, ktor\u00e9 si \u017eelaj\u00fa by\u0165 upraven\u00e9 od ve\u010dera do r\u00e1na.<\/strong> Pomocou permanentn\u00e9ho\u00a0 make-upu dosiahnenme zv\u00fdraznenie ur\u010dit\u00fdch \u010d\u0155t tv\u00e1re (obo\u010die, o\u010dn\u00e9 linky, kont\u00fary pier) a\u00a0naopak koriguje drobn\u00e9 nedokonalosti a\u00a0chybi\u010dky kr\u00e1sy. Pre dokonal\u00fd efekt je d\u00f4le\u017eit\u00e9 pou\u017e\u00edva\u0165\u00a0 vysoko kvalitn\u00e9 tetovacie pigmenty, ktor\u00e9 zaru\u010dia dlhotrvaj\u00faci a\u00a0prirodzen\u00fd v\u00fdsledok. Pred samotn\u00fdm z\u00e1krokom je potrebn\u00e1 f\u00e1za, kedy sa predkresl\u00ed doporu\u010den\u00fd tvar a\u00a0farebn\u00fd odtie\u0148 a\u00a0po schv\u00e1len\u00ed z\u00e1ujemky\u0148ou sa prist\u00fapi k\u00a0samotn\u00e9mu tetovaniu. Cel\u00e1 proced\u00fara sa vykon\u00e1va v\u00a0lok\u00e1lnej anest\u00e9zii a\u00a0trv\u00e1 pribli\u017ene 30 min. Z\u00e1krok je mierne bolestiv\u00fd, ked\u017ee poko\u017eka na tv\u00e1ri je citlivej\u0161ia ako na in\u00fdch \u010dastiach tela. Najn\u00e1ro\u010dnej\u0161ie na \u00fapravu s\u00fa pery, preto\u017ee sa pri nich okrem zv\u00fdraznenia kont\u00far rob\u00ed aj tetovanie, \u010d\u00edm mo\u017eno dosiahnu\u0165 aj optick\u00e9 zv\u00e4\u010d\u0161enie. Tak\u00e9to pery u\u017e potom nevy\u017eaduj\u00fa r\u00fa\u017e, posta\u010d\u00ed len lesk. Pernamentn\u00fd make-up je vo v\u0161eobecnosti univerz\u00e1lna met\u00f3da, nie je v\u0161ak vhodn\u00fd pre \u017eeny trpiacich alergiou alebo ko\u017en\u00fdmi ochoreniami. Nem\u00f4\u017ee sa aplikova\u0165 na patologicky zmenen\u00e9 miesta ko\u017ee ani na materinsk\u00e9 znamienka. Rizikom je aj pr\u00edtomnos\u0165 herpesu.<\/p>\n<p>Poproced\u00fare sa m\u00f4\u017ee vyskytn\u00fa\u0165 mierny opuch a\u00a0za\u010dervenanie\u00a0 zhruba na 2 hodiny. Na podporu hojenia sa aplikuje kalciov\u00e1 mas\u0165 a\u00a0je potrebn\u00e9 zabr\u00e1ni\u0165 namo\u010deniu tetovan\u00fdch miest vodou po\u010das 5-7 dn\u00ed, 4-6 t\u00fd\u017ed\u0148ov sa neodpor\u00fa\u010da sol\u00e1rium a\u00a0sauna. Permanentn\u00fd maku-up sa m\u00f4\u017ee absolova\u0165 aj v\u00a0letn\u00fdch mesiacoch, najnesk\u00f4r mesiac pred dovolenkou pri mori. Neodpor\u00fa\u010da sa 3 dni po tetovan\u00ed letie\u0165 lietadlom (kv\u00f4ly herpesu), t\u00fd\u017ede\u0148 nepou\u017e\u00edva\u0165 riasenku a\u00a0o\u010dn\u00e9 tiene (ak boli tetovan\u00e9 linky), maku-up m\u00f4\u017eete pou\u017ei\u0165 mimo tetovan\u00fdch miest a\u00a0r\u00fa\u017e a\u017e po 10 d\u0148och (ak boli tetovan\u00e9 pery). Po tetovan\u00ed o\u010dn\u00fdch liniek m\u00f4\u017eu by\u0165 o\u010di opuchnut\u00e9 2-3 dni, chladia sa studen\u00fdm such\u00fdmi obkladmi.<\/p>\n<p>&nbsp;<\/p>\n<p>Zvy\u010dajne hojenie trv\u00e1 asi 6-7 dn\u00ed. Po tejto dobe sa z\u00a0tetovan\u00fdch miest zl\u00fape vrchn\u00e1 vrstva a\u00a0cez pigmentovan\u00fa \u010das\u0165 narastie nov\u00e1 ko\u017ei\u010dka-\u010d\u00edm je v\u00fdsledn\u00e1 farba tetovania svetlej\u0161ia a\u00a0prirodzenej\u0161ia. Pigment sa us\u00e1dza v\u00a0ko\u017ei zhruba 3 t\u00fd\u017edne.<\/p>\n<h2><a href=\"http:\/\/www.salon-vera.sk\/web\/?page_id=89\">Fotogal\u00e9ria<\/a><\/h2>\n","protected":false},"excerpt":{"rendered":"<p>Permanentn\u00fd make-up je kozmetick\u00e1 proced\u00fara, ktor\u00e1 spo\u010d\u00edva vo vpravovan\u00ed pigmentov pod ko\u017eu (asi do h\u013abky 0,3-0,6mm) \u0161peci\u00e1lnym tetovac\u00edm pr\u00edstrojom. Preto je trvanlivos\u0165 permanentn\u00e9ho make-upu do\u010dasn\u00e1, a to pod\u013ea intenzity pou\u017eitej farby od 18 mesiacov do 5rokov. V Sal\u00f3ne VERA pon\u00fakame: permanent\u00fd make-up obo\u010dia \u010diarkovanou met\u00f3dou 3D permanent\u00fd make-up pier, a to bu\u010f iba kont\u00faru alebo &hellip;<\/p>\n<p class=\"read-more\"> <a class=\"\" href=\"http:\/\/www.salon-vera.sk\/web\/kozmetika\/permanentny-make-up\/\"> <span class=\"screen-reader-text\">Permanentn\u00fd make-up<\/span> \u010c\u00edtajte viac &raquo;<\/a><\/p>\n","protected":false},"author":1,"featured_media":0,"parent":292,"menu_order":0,"comment_status":"closed","ping_status":"closed","template":"","meta":[],"_links":{"self":[{"href":"http:\/\/www.salon-vera.sk\/web\/wp-json\/wp\/v2\/pages\/13"}],"collection":[{"href":"http:\/\/www.salon-vera.sk\/web\/wp-json\/wp\/v2\/pages"}],"about":[{"href":"http:\/\/www.salon-vera.sk\/web\/wp-json\/wp\/v2\/types\/page"}],"author":[{"embeddable":true,"href":"http:\/\/www.salon-vera.sk\/web\/wp-json\/wp\/v2\/users\/1"}],"replies":[{"embeddable":true,"href":"http:\/\/www.salon-vera.sk\/web\/wp-json\/wp\/v2\/comments?post=13"}],"version-history":[{"count":10,"href":"http:\/\/www.salon-vera.sk\/web\/wp-json\/wp\/v2\/pages\/13\/revisions"}],"predecessor-version":[{"id":296,"href":"http:\/\/www.salon-vera.sk\/web\/wp-json\/wp\/v2\/pages\/13\/revisions\/296"}],"up":[{"embeddable":true,"href":"http:\/\/www.salon-vera.sk\/web\/wp-json\/wp\/v2\/pages\/292"}],"wp:attachment":[{"href":"http:\/\/www.salon-vera.sk\/web\/wp-json\/wp\/v2\/media?parent=13"}],"curies":[{"name":"wp","href":"https:\/\/api.w.org\/{rel}","templated":true}]}}