{"id":769,"date":"2021-01-29T18:54:48","date_gmt":"2021-01-29T16:54:48","guid":{"rendered":"http:\/\/www.salon-vera.sk\/web\/?page_id=769"},"modified":"2021-02-03T14:32:10","modified_gmt":"2021-02-03T12:32:10","slug":"fotogaleria-2","status":"publish","type":"page","link":"http:\/\/www.salon-vera.sk\/web\/fotogaleria-2\/","title":{"rendered":"Fotogal\u00e9ria"},"content":{"rendered":"\t\t<div data-elementor-type=\"wp-page\" data-elementor-id=\"769\" class=\"elementor elementor-769\" data-elementor-settings=\"[]\">\n\t\t\t\t\t\t<div class=\"elementor-inner\">\n\t\t\t\t\t\t\t<div class=\"elementor-section-wrap\">\n\t\t\t\t\t\t\t<section class=\"elementor-section elementor-top-section elementor-element elementor-element-4ba571c4 elementor-section-boxed elementor-section-height-default elementor-section-height-default\" data-id=\"4ba571c4\" data-element_type=\"section\">\n\t\t\t\t\t\t<div class=\"elementor-container elementor-column-gap-default\">\n\t\t\t\t\t\t\t<div class=\"elementor-row\">\n\t\t\t\t\t<div class=\"elementor-column elementor-col-100 elementor-top-column elementor-element elementor-element-7a4e45e\" data-id=\"7a4e45e\" data-element_type=\"column\">\n\t\t\t<div class=\"elementor-column-wrap elementor-element-populated\">\n\t\t\t\t\t\t\t<div class=\"elementor-widget-wrap\">\n\t\t\t\t\t\t<div class=\"elementor-element elementor-element-742009a4 elementor-widget elementor-widget-heading\" data-id=\"742009a4\" data-element_type=\"widget\" data-widget_type=\"heading.default\">\n\t\t\t\t<div class=\"elementor-widget-container\">\n\t\t\t<h2 class=\"elementor-heading-title elementor-size-default\"><a href=\"http:\/\/www.salon-vera.sk\/web\/\">Kozmetick\u00fd sal\u00f3n VERA<\/a><\/h2>\t\t<\/div>\n\t\t\t\t<\/div>\n\t\t\t\t\t\t<\/div>\n\t\t\t\t\t<\/div>\n\t\t<\/div>\n\t\t\t\t\t\t\t\t<\/div>\n\t\t\t\t\t<\/div>\n\t\t<\/section>\n\t\t\t\t<section class=\"elementor-section elementor-top-section elementor-element elementor-element-834db20 elementor-section-boxed elementor-section-height-default elementor-section-height-default\" data-id=\"834db20\" data-element_type=\"section\">\n\t\t\t\t\t\t<div class=\"elementor-container elementor-column-gap-default\">\n\t\t\t\t\t\t\t<div class=\"elementor-row\">\n\t\t\t\t\t<div class=\"elementor-column elementor-col-100 elementor-top-column elementor-element elementor-element-7032b9d\" data-id=\"7032b9d\" data-element_type=\"column\">\n\t\t\t<div class=\"elementor-column-wrap elementor-element-populated\">\n\t\t\t\t\t\t\t<div class=\"elementor-widget-wrap\">\n\t\t\t\t\t\t<div class=\"elementor-element elementor-element-d746c0b elementor--h-position-center elementor--v-position-middle elementor-widget elementor-widget-global elementor-global-889 elementor-widget-slides\" data-id=\"d746c0b\" data-element_type=\"widget\" data-settings=\"{&quot;navigation&quot;:&quot;none&quot;,&quot;autoplay&quot;:&quot;yes&quot;,&quot;pause_on_hover&quot;:&quot;yes&quot;,&quot;pause_on_interaction&quot;:&quot;yes&quot;,&quot;autoplay_speed&quot;:5000,&quot;infinite&quot;:&quot;yes&quot;,&quot;transition&quot;:&quot;slide&quot;,&quot;transition_speed&quot;:500}\" data-widget_type=\"slides.default\">\n\t\t\t\t<div class=\"elementor-widget-container\">\n\t\t\t\t\t<div class=\"elementor-swiper\">\n\t\t\t<div class=\"elementor-slides-wrapper elementor-main-swiper swiper-container\" dir=\"ltr\" data-animation=\"fadeInUp\">\n\t\t\t\t<div class=\"swiper-wrapper elementor-slides\">\n\t\t\t\t\t<div class=\"elementor-repeater-item-2a53643 swiper-slide\"><div class=\"swiper-slide-bg\"><\/div><div class=\"swiper-slide-inner\" ><div class=\"swiper-slide-contents\"><div class=\"elementor-slide-heading\">Kozmetikck\u00fd sal\u00f3n <\/div><div class=\"elementor-slide-description\">najlep\u0161ia starostlivos\u0165 o Va\u0161e telo<\/div><\/div><\/div><\/div><div class=\"elementor-repeater-item-b689bb4 swiper-slide\"><div class=\"swiper-slide-bg\"><\/div><div class=\"swiper-slide-inner\" ><div class=\"swiper-slide-contents\"><div class=\"elementor-slide-heading\">Viz\u00e1\u017e<\/div><div class=\"elementor-slide-description\">ka\u017ed\u00e1 \u017eena je kr\u00e1sna<\/div><\/div><\/div><\/div><div class=\"elementor-repeater-item-fea62d4 swiper-slide\"><div class=\"swiper-slide-bg\"><\/div><div class=\"swiper-slide-inner\" ><div class=\"swiper-slide-contents\"><div class=\"elementor-slide-heading\">Kr\u00e1sa V\u00e1\u0161ho poh\u013eadu<\/div><div class=\"elementor-slide-description\">mihalnice<\/div><\/div><\/div><\/div>\t\t\t\t<\/div>\n\t\t\t\t\t\t\t\t\t\t\t\t\t\t\t\t\t\t\t\t\t<\/div>\n\t\t<\/div>\n\t\t\t\t<\/div>\n\t\t\t\t<\/div>\n\t\t\t\t\t\t<\/div>\n\t\t\t\t\t<\/div>\n\t\t<\/div>\n\t\t\t\t\t\t\t\t<\/div>\n\t\t\t\t\t<\/div>\n\t\t<\/section>\n\t\t\t\t<section class=\"elementor-section elementor-top-section elementor-element elementor-element-ddb5b25 elementor-section-boxed elementor-section-height-default elementor-section-height-default\" data-id=\"ddb5b25\" data-element_type=\"section\">\n\t\t\t\t\t\t<div class=\"elementor-container elementor-column-gap-default\">\n\t\t\t\t\t\t\t<div class=\"elementor-row\">\n\t\t\t\t\t<div class=\"elementor-column elementor-col-100 elementor-top-column elementor-element elementor-element-523da7f\" data-id=\"523da7f\" data-element_type=\"column\">\n\t\t\t<div class=\"elementor-column-wrap elementor-element-populated\">\n\t\t\t\t\t\t\t<div class=\"elementor-widget-wrap\">\n\t\t\t\t\t\t<div class=\"elementor-element elementor-element-9a95243 elementor-nav-menu__align-center elementor-nav-menu--indicator-none elementor-nav-menu--dropdown-tablet elementor-nav-menu__text-align-aside elementor-nav-menu--toggle elementor-nav-menu--burger elementor-widget elementor-widget-global elementor-global-906 elementor-widget-nav-menu\" data-id=\"9a95243\" data-element_type=\"widget\" data-settings=\"{&quot;layout&quot;:&quot;horizontal&quot;,&quot;toggle&quot;:&quot;burger&quot;}\" data-widget_type=\"nav-menu.default\">\n\t\t\t\t<div class=\"elementor-widget-container\">\n\t\t\t\t\t\t<nav role=\"navigation\" class=\"elementor-nav-menu--main elementor-nav-menu__container elementor-nav-menu--layout-horizontal e--pointer-underline e--animation-grow\"><ul id=\"menu-1-9a95243\" class=\"elementor-nav-menu\"><li class=\"menu-item menu-item-type-post_type menu-item-object-page menu-item-home menu-item-788\"><a href=\"http:\/\/www.salon-vera.sk\/web\/\" class=\"elementor-item menu-link\">O n\u00e1s<\/a><\/li>\n<li class=\"menu-item menu-item-type-post_type menu-item-object-page menu-item-786\"><a href=\"http:\/\/www.salon-vera.sk\/web\/kozmetika-a-vizaz\/\" class=\"elementor-item menu-link\">Kozmetika a viz\u00e1\u017e<\/a><\/li>\n<li class=\"menu-item menu-item-type-post_type menu-item-object-page menu-item-781\"><a href=\"http:\/\/www.salon-vera.sk\/web\/zahustovanie-obocia\/\" class=\"elementor-item menu-link\">Zahus\u0165ovanie obo\u010dia<\/a><\/li>\n<li class=\"menu-item menu-item-type-post_type menu-item-object-page menu-item-782\"><a href=\"http:\/\/www.salon-vera.sk\/web\/4d-6d-predlzovanie-a-zahustovanie-mihalnic-2\/\" class=\"elementor-item menu-link\">4D-6D predl\u017eovanie a zahus\u0165ovanie mihaln\u00edc<\/a><\/li>\n<li class=\"menu-item menu-item-type-post_type menu-item-object-page menu-item-783\"><a href=\"http:\/\/www.salon-vera.sk\/web\/3d-mihalnice-2\/\" class=\"elementor-item menu-link\">3D mihalnice<\/a><\/li>\n<li class=\"menu-item menu-item-type-post_type menu-item-object-page menu-item-784\"><a href=\"http:\/\/www.salon-vera.sk\/web\/permanentny-make-up-0\/\" class=\"elementor-item menu-link\">Permanentn\u00fd make-up<\/a><\/li>\n<li class=\"menu-item menu-item-type-post_type menu-item-object-page menu-item-780\"><a href=\"http:\/\/www.salon-vera.sk\/web\/fotogaleria-2\/\" class=\"elementor-item menu-link\">Fotogal\u00e9ria<\/a><\/li>\n<li class=\"menu-item menu-item-type-post_type menu-item-object-page menu-item-779\"><a href=\"http:\/\/www.salon-vera.sk\/web\/kontakt-2\/\" class=\"elementor-item menu-link\">Kontakt<\/a><\/li>\n<\/ul><\/nav>\n\t\t\t\t\t<div class=\"elementor-menu-toggle\" role=\"button\" tabindex=\"0\" aria-label=\"Menu Toggle\" aria-expanded=\"false\">\n\t\t\t<i class=\"eicon-menu-bar\" aria-hidden=\"true\"><\/i>\n\t\t\t<span class=\"elementor-screen-only\">Menu<\/span>\n\t\t<\/div>\n\t\t\t<nav class=\"elementor-nav-menu--dropdown elementor-nav-menu__container\" role=\"navigation\" aria-hidden=\"true\"><ul id=\"menu-2-9a95243\" class=\"elementor-nav-menu\"><li class=\"menu-item menu-item-type-post_type menu-item-object-page menu-item-home menu-item-788\"><a href=\"http:\/\/www.salon-vera.sk\/web\/\" class=\"elementor-item menu-link\">O n\u00e1s<\/a><\/li>\n<li class=\"menu-item menu-item-type-post_type menu-item-object-page menu-item-786\"><a href=\"http:\/\/www.salon-vera.sk\/web\/kozmetika-a-vizaz\/\" class=\"elementor-item menu-link\">Kozmetika a viz\u00e1\u017e<\/a><\/li>\n<li class=\"menu-item menu-item-type-post_type menu-item-object-page menu-item-781\"><a href=\"http:\/\/www.salon-vera.sk\/web\/zahustovanie-obocia\/\" class=\"elementor-item menu-link\">Zahus\u0165ovanie obo\u010dia<\/a><\/li>\n<li class=\"menu-item menu-item-type-post_type menu-item-object-page menu-item-782\"><a href=\"http:\/\/www.salon-vera.sk\/web\/4d-6d-predlzovanie-a-zahustovanie-mihalnic-2\/\" class=\"elementor-item menu-link\">4D-6D predl\u017eovanie a zahus\u0165ovanie mihaln\u00edc<\/a><\/li>\n<li class=\"menu-item menu-item-type-post_type menu-item-object-page menu-item-783\"><a href=\"http:\/\/www.salon-vera.sk\/web\/3d-mihalnice-2\/\" class=\"elementor-item menu-link\">3D mihalnice<\/a><\/li>\n<li class=\"menu-item menu-item-type-post_type menu-item-object-page menu-item-784\"><a href=\"http:\/\/www.salon-vera.sk\/web\/permanentny-make-up-0\/\" class=\"elementor-item menu-link\">Permanentn\u00fd make-up<\/a><\/li>\n<li class=\"menu-item menu-item-type-post_type menu-item-object-page menu-item-780\"><a href=\"http:\/\/www.salon-vera.sk\/web\/fotogaleria-2\/\" class=\"elementor-item menu-link\">Fotogal\u00e9ria<\/a><\/li>\n<li class=\"menu-item menu-item-type-post_type menu-item-object-page menu-item-779\"><a href=\"http:\/\/www.salon-vera.sk\/web\/kontakt-2\/\" class=\"elementor-item menu-link\">Kontakt<\/a><\/li>\n<\/ul><\/nav>\n\t\t\t\t<\/div>\n\t\t\t\t<\/div>\n\t\t\t\t\t\t<\/div>\n\t\t\t\t\t<\/div>\n\t\t<\/div>\n\t\t\t\t\t\t\t\t<\/div>\n\t\t\t\t\t<\/div>\n\t\t<\/section>\n\t\t\t\t<section class=\"elementor-section elementor-top-section elementor-element elementor-element-fd00d3b elementor-section-boxed elementor-section-height-default elementor-section-height-default\" data-id=\"fd00d3b\" data-element_type=\"section\">\n\t\t\t\t\t\t<div class=\"elementor-container elementor-column-gap-default\">\n\t\t\t\t\t\t\t<div class=\"elementor-row\">\n\t\t\t\t\t<div class=\"elementor-column elementor-col-100 elementor-top-column elementor-element elementor-element-9fcd9ef\" data-id=\"9fcd9ef\" data-element_type=\"column\">\n\t\t\t<div class=\"elementor-column-wrap elementor-element-populated\">\n\t\t\t\t\t\t\t<div class=\"elementor-widget-wrap\">\n\t\t\t\t\t\t<div class=\"elementor-element elementor-element-ab12119 elementor-widget elementor-widget-heading\" data-id=\"ab12119\" data-element_type=\"widget\" data-widget_type=\"heading.default\">\n\t\t\t\t<div class=\"elementor-widget-container\">\n\t\t\t<h2 class=\"elementor-heading-title elementor-size-default\">Fotogal\u00e9ria<\/h2>\t\t<\/div>\n\t\t\t\t<\/div>\n\t\t\t\t\t\t<\/div>\n\t\t\t\t\t<\/div>\n\t\t<\/div>\n\t\t\t\t\t\t\t\t<\/div>\n\t\t\t\t\t<\/div>\n\t\t<\/section>\n\t\t\t\t<section class=\"elementor-section elementor-top-section elementor-element elementor-element-375cc3c2 elementor-section-boxed elementor-section-height-default elementor-section-height-default\" data-id=\"375cc3c2\" data-element_type=\"section\">\n\t\t\t\t\t\t<div class=\"elementor-container elementor-column-gap-default\">\n\t\t\t\t\t\t\t<div class=\"elementor-row\">\n\t\t\t\t\t<div class=\"elementor-column elementor-col-100 elementor-top-column elementor-element elementor-element-1374000e\" data-id=\"1374000e\" data-element_type=\"column\">\n\t\t\t<div class=\"elementor-column-wrap elementor-element-populated\">\n\t\t\t\t\t\t\t<div class=\"elementor-widget-wrap\">\n\t\t\t\t\t\t<div class=\"elementor-element elementor-element-45811ce elementor-widget elementor-widget-image-gallery\" data-id=\"45811ce\" data-element_type=\"widget\" data-widget_type=\"image-gallery.default\">\n\t\t\t\t<div class=\"elementor-widget-container\">\n\t\t\t\t\t<div class=\"elementor-image-gallery\">\n\t\t\t<div id='gallery-1' class='gallery galleryid-769 gallery-columns-3 gallery-size-medium'><figure class='gallery-item'>\n\t\t\t<div class='gallery-icon landscape'>\n\t\t\t\t<a data-elementor-open-lightbox=\"yes\" data-elementor-lightbox-slideshow=\"45811ce\" data-elementor-lightbox-title=\"P1030063\" href='http:\/\/www.salon-vera.sk\/web\/wp-content\/uploads\/2013\/05\/P1030063.jpg'><img width=\"300\" height=\"200\" src=\"http:\/\/www.salon-vera.sk\/web\/wp-content\/uploads\/2013\/05\/P1030063-300x200.jpg\" class=\"attachment-medium size-medium\" alt=\"\" loading=\"lazy\" aria-describedby=\"gallery-1-49\" srcset=\"http:\/\/www.salon-vera.sk\/web\/wp-content\/uploads\/2013\/05\/P1030063-300x200.jpg 300w, http:\/\/www.salon-vera.sk\/web\/wp-content\/uploads\/2013\/05\/P1030063.jpg 1024w\" sizes=\"(max-width: 300px) 100vw, 300px\" \/><\/a>\n\t\t\t<\/div>\n\t\t\t\t<figcaption class='wp-caption-text gallery-caption' id='gallery-1-49'>\n\t\t\t\tFoto prev\u00e1dzky\n\t\t\t\t<\/figcaption><\/figure><figure class='gallery-item'>\n\t\t\t<div class='gallery-icon landscape'>\n\t\t\t\t<a data-elementor-open-lightbox=\"yes\" data-elementor-lightbox-slideshow=\"45811ce\" data-elementor-lightbox-title=\"P1030012\" href='http:\/\/www.salon-vera.sk\/web\/wp-content\/uploads\/2013\/05\/P1030012.jpg'><img width=\"300\" height=\"200\" src=\"http:\/\/www.salon-vera.sk\/web\/wp-content\/uploads\/2013\/05\/P1030012-300x200.jpg\" class=\"attachment-medium size-medium\" alt=\"\" loading=\"lazy\" aria-describedby=\"gallery-1-47\" srcset=\"http:\/\/www.salon-vera.sk\/web\/wp-content\/uploads\/2013\/05\/P1030012-300x200.jpg 300w, http:\/\/www.salon-vera.sk\/web\/wp-content\/uploads\/2013\/05\/P1030012.jpg 1024w\" sizes=\"(max-width: 300px) 100vw, 300px\" \/><\/a>\n\t\t\t<\/div>\n\t\t\t\t<figcaption class='wp-caption-text gallery-caption' id='gallery-1-47'>\n\t\t\t\tFoto prev\u00e1dzky\n\t\t\t\t<\/figcaption><\/figure><figure class='gallery-item'>\n\t\t\t<div class='gallery-icon landscape'>\n\t\t\t\t<a data-elementor-open-lightbox=\"yes\" data-elementor-lightbox-slideshow=\"45811ce\" data-elementor-lightbox-title=\"P1030044\" href='http:\/\/www.salon-vera.sk\/web\/wp-content\/uploads\/2013\/05\/P1030044.jpg'><img width=\"300\" height=\"200\" src=\"http:\/\/www.salon-vera.sk\/web\/wp-content\/uploads\/2013\/05\/P1030044-300x200.jpg\" class=\"attachment-medium size-medium\" alt=\"\" loading=\"lazy\" aria-describedby=\"gallery-1-48\" srcset=\"http:\/\/www.salon-vera.sk\/web\/wp-content\/uploads\/2013\/05\/P1030044-300x200.jpg 300w, http:\/\/www.salon-vera.sk\/web\/wp-content\/uploads\/2013\/05\/P1030044.jpg 1024w\" sizes=\"(max-width: 300px) 100vw, 300px\" \/><\/a>\n\t\t\t<\/div>\n\t\t\t\t<figcaption class='wp-caption-text gallery-caption' id='gallery-1-48'>\n\t\t\t\tFoto prev\u00e1dzky\n\t\t\t\t<\/figcaption><\/figure><figure class='gallery-item'>\n\t\t\t<div class='gallery-icon portrait'>\n\t\t\t\t<a data-elementor-open-lightbox=\"yes\" data-elementor-lightbox-slideshow=\"45811ce\" data-elementor-lightbox-title=\"P1030006\" href='http:\/\/www.salon-vera.sk\/web\/wp-content\/uploads\/2013\/05\/P1030006.jpg'><img width=\"200\" height=\"300\" src=\"http:\/\/www.salon-vera.sk\/web\/wp-content\/uploads\/2013\/05\/P1030006-200x300.jpg\" class=\"attachment-medium size-medium\" alt=\"\" loading=\"lazy\" aria-describedby=\"gallery-1-46\" srcset=\"http:\/\/www.salon-vera.sk\/web\/wp-content\/uploads\/2013\/05\/P1030006-200x300.jpg 200w, http:\/\/www.salon-vera.sk\/web\/wp-content\/uploads\/2013\/05\/P1030006.jpg 683w\" sizes=\"(max-width: 200px) 100vw, 200px\" \/><\/a>\n\t\t\t<\/div>\n\t\t\t\t<figcaption class='wp-caption-text gallery-caption' id='gallery-1-46'>\n\t\t\t\tFoto prev\u00e1dzky\n\t\t\t\t<\/figcaption><\/figure><figure class='gallery-item'>\n\t\t\t<div class='gallery-icon portrait'>\n\t\t\t\t<a data-elementor-open-lightbox=\"yes\" data-elementor-lightbox-slideshow=\"45811ce\" data-elementor-lightbox-title=\"P1030002\" href='http:\/\/www.salon-vera.sk\/web\/wp-content\/uploads\/2013\/05\/P1030002.jpg'><img width=\"200\" height=\"300\" src=\"http:\/\/www.salon-vera.sk\/web\/wp-content\/uploads\/2013\/05\/P1030002-200x300.jpg\" class=\"attachment-medium size-medium\" alt=\"\" loading=\"lazy\" aria-describedby=\"gallery-1-45\" srcset=\"http:\/\/www.salon-vera.sk\/web\/wp-content\/uploads\/2013\/05\/P1030002-200x300.jpg 200w, http:\/\/www.salon-vera.sk\/web\/wp-content\/uploads\/2013\/05\/P1030002.jpg 683w\" sizes=\"(max-width: 200px) 100vw, 200px\" \/><\/a>\n\t\t\t<\/div>\n\t\t\t\t<figcaption class='wp-caption-text gallery-caption' id='gallery-1-45'>\n\t\t\t\tFoto prev\u00e1dzky\n\t\t\t\t<\/figcaption><\/figure><figure class='gallery-item'>\n\t\t\t<div class='gallery-icon portrait'>\n\t\t\t\t<a data-elementor-open-lightbox=\"yes\" data-elementor-lightbox-slideshow=\"45811ce\" data-elementor-lightbox-title=\"P1030079\" href='http:\/\/www.salon-vera.sk\/web\/wp-content\/uploads\/2013\/05\/P1030079.jpg'><img width=\"200\" height=\"300\" src=\"http:\/\/www.salon-vera.sk\/web\/wp-content\/uploads\/2013\/05\/P1030079-200x300.jpg\" class=\"attachment-medium size-medium\" alt=\"\" loading=\"lazy\" aria-describedby=\"gallery-1-44\" srcset=\"http:\/\/www.salon-vera.sk\/web\/wp-content\/uploads\/2013\/05\/P1030079-200x300.jpg 200w, http:\/\/www.salon-vera.sk\/web\/wp-content\/uploads\/2013\/05\/P1030079.jpg 683w\" sizes=\"(max-width: 200px) 100vw, 200px\" \/><\/a>\n\t\t\t<\/div>\n\t\t\t\t<figcaption class='wp-caption-text gallery-caption' id='gallery-1-44'>\n\t\t\t\tVstup  chodba\n\t\t\t\t<\/figcaption><\/figure>\n\t\t<\/div>\n\t\t<\/div>\n\t\t\t\t<\/div>\n\t\t\t\t<\/div>\n\t\t\t\t\t\t<\/div>\n\t\t\t\t\t<\/div>\n\t\t<\/div>\n\t\t\t\t\t\t\t\t<\/div>\n\t\t\t\t\t<\/div>\n\t\t<\/section>\n\t\t\t\t<section class=\"elementor-section elementor-top-section elementor-element elementor-element-60620418 elementor-section-content-middle elementor-section-boxed elementor-section-height-default elementor-section-height-default\" data-id=\"60620418\" data-element_type=\"section\">\n\t\t\t\t\t\t<div class=\"elementor-container elementor-column-gap-no\">\n\t\t\t\t\t\t\t<div class=\"elementor-row\">\n\t\t\t\t\t<div class=\"elementor-column elementor-col-50 elementor-top-column elementor-element elementor-element-3b85ae2c\" data-id=\"3b85ae2c\" data-element_type=\"column\">\n\t\t\t<div class=\"elementor-column-wrap elementor-element-populated\">\n\t\t\t\t\t\t\t<div class=\"elementor-widget-wrap\">\n\t\t\t\t\t\t<div class=\"elementor-element elementor-element-54f15b3c elementor-widget elementor-widget-heading\" data-id=\"54f15b3c\" data-element_type=\"widget\" data-widget_type=\"heading.default\">\n\t\t\t\t<div class=\"elementor-widget-container\">\n\t\t\t<h5 class=\"elementor-heading-title elementor-size-default\">Kontakt<\/h5>\t\t<\/div>\n\t\t\t\t<\/div>\n\t\t\t\t<div class=\"elementor-element elementor-element-5228f1f6 elementor-widget elementor-widget-text-editor\" data-id=\"5228f1f6\" data-element_type=\"widget\" data-widget_type=\"text-editor.default\">\n\t\t\t\t<div class=\"elementor-widget-container\">\n\t\t\t\t\t<div class=\"elementor-text-editor elementor-clearfix\"><h4 class=\"elementor-heading-title elementor-size-small elementor-inline-editing pen\" style=\"text-align: center;\" contenteditable=\"true\" data-elementor-setting-key=\"title\" data-pen-placeholder=\"Type Here...\">Budova V\u00fdchodoslovensk\u00fdch tla\u010diarn\u00ed (1. poschodie)<\/h4><h4 class=\"elementor-heading-title elementor-size-small elementor-inline-editing pen\" style=\"text-align: center;\" contenteditable=\"true\" data-elementor-setting-key=\"title\" data-pen-placeholder=\"Type Here...\">Letn\u00e1 \u010d.47, 040 01 Ko\u0161ice<\/h4><h4 class=\"elementor-heading-title elementor-size-small elementor-inline-editing pen\" contenteditable=\"true\" data-elementor-setting-key=\"title\" data-pen-placeholder=\"Type Here...\">\u00a0<\/h4><h4 class=\"elementor-heading-title elementor-size-small elementor-inline-editing pen\" style=\"text-align: center;\" contenteditable=\"true\" data-elementor-setting-key=\"title\" data-pen-placeholder=\"Type Here...\">Radi V\u00e1s obsl\u00fa\u017eime na z\u00e1klade telefonick\u00e9ho dohovoru.<\/h4><\/div>\n\t\t\t\t<\/div>\n\t\t\t\t<\/div>\n\t\t\t\t<div class=\"elementor-element elementor-element-623ffa73 elementor-widget elementor-widget-text-editor\" data-id=\"623ffa73\" data-element_type=\"widget\" data-widget_type=\"text-editor.default\">\n\t\t\t\t<div class=\"elementor-widget-container\">\n\t\t\t\t\t<div class=\"elementor-text-editor elementor-clearfix\"><p style=\"text-align: center;\">Otv\u00e1racia doba: <strong>Pod\u013ea objedn\u00e1vok<\/strong><\/p><h4 style=\"text-align: center;\"><strong>Objedn\u00e1vky na t.\u010d.\u00a0<\/strong><\/h4><h4 style=\"text-align: center;\"><strong><em>Kadern\u00edctvo:\u00a0 0904 299 127<\/em><\/strong><\/h4><h4 style=\"text-align: center;\"><em><b>Kozmetika: \u00a0\u00a0 0948 303\u00a0213<\/b><\/em><\/h4><h4 style=\"text-align: center;\"><em><strong>Pedik\u00fara: \u00a0 \u00a00905 250 714<\/strong><\/em><\/h4><\/div>\n\t\t\t\t<\/div>\n\t\t\t\t<\/div>\n\t\t\t\t<div class=\"elementor-element elementor-element-49b3fdb0 elementor-widget elementor-widget-heading\" data-id=\"49b3fdb0\" data-element_type=\"widget\" data-widget_type=\"heading.default\">\n\t\t\t\t<div class=\"elementor-widget-container\">\n\t\t\t<h4 class=\"elementor-heading-title elementor-size-default\"><a href=\"mailto:info@salon-vera.sk\u200b\">info@salon-vera.sk<\/a><\/h4>\t\t<\/div>\n\t\t\t\t<\/div>\n\t\t\t\t\t\t<\/div>\n\t\t\t\t\t<\/div>\n\t\t<\/div>\n\t\t\t\t<div class=\"elementor-column elementor-col-50 elementor-top-column elementor-element elementor-element-54270b16\" data-id=\"54270b16\" data-element_type=\"column\">\n\t\t\t<div class=\"elementor-column-wrap elementor-element-populated\">\n\t\t\t\t\t\t\t<div class=\"elementor-widget-wrap\">\n\t\t\t\t\t\t<div class=\"elementor-element elementor-element-5aa5f67c elementor-widget elementor-widget-google_maps\" data-id=\"5aa5f67c\" data-element_type=\"widget\" data-widget_type=\"google_maps.default\">\n\t\t\t\t<div class=\"elementor-widget-container\">\n\t\t\t<div class=\"elementor-custom-embed\"><iframe frameborder=\"0\" scrolling=\"no\" marginheight=\"0\" marginwidth=\"0\" src=\"https:\/\/maps.google.com\/maps?q=Letn%C3%A1%2047%2C%20040%2011%20Ko%C5%A1ice&amp;t=m&amp;z=18&amp;output=embed&amp;iwloc=near\" title=\"Letn\u00e1 47, 040 11 Ko\u0161ice\" aria-label=\"Letn\u00e1 47, 040 11 Ko\u0161ice\"><\/iframe><\/div>\t\t<\/div>\n\t\t\t\t<\/div>\n\t\t\t\t<div class=\"elementor-element elementor-element-e9b0ea elementor-shape-square elementor-grid-0 e-grid-align-center elementor-widget elementor-widget-social-icons\" data-id=\"e9b0ea\" data-element_type=\"widget\" data-widget_type=\"social-icons.default\">\n\t\t\t\t<div class=\"elementor-widget-container\">\n\t\t\t\t\t<div class=\"elementor-social-icons-wrapper elementor-grid\">\n\t\t\t\t\t\t\t<div class=\"elementor-grid-item\">\n\t\t\t\t\t<a class=\"elementor-icon elementor-social-icon elementor-social-icon-facebook-f elementor-animation-grow elementor-repeater-item-9c86cde\" href=\"https:\/\/www.facebook.com\/Kozmetick%C3%BD-sal%C3%B3n-VERA-462470257136561\" target=\"_blank\">\n\t\t\t\t\t\t<span class=\"elementor-screen-only\">Facebook-f<\/span>\n\t\t\t\t\t\t<i class=\"fab fa-facebook-f\"><\/i>\t\t\t\t\t<\/a>\n\t\t\t\t<\/div>\n\t\t\t\t\t\t\t<div class=\"elementor-grid-item\">\n\t\t\t\t\t<a class=\"elementor-icon elementor-social-icon elementor-social-icon-instagram elementor-animation-grow elementor-repeater-item-7bcbd9e\" target=\"_blank\">\n\t\t\t\t\t\t<span class=\"elementor-screen-only\">Instagram<\/span>\n\t\t\t\t\t\t<i class=\"fab fa-instagram\"><\/i>\t\t\t\t\t<\/a>\n\t\t\t\t<\/div>\n\t\t\t\t\t<\/div>\n\t\t\t\t<\/div>\n\t\t\t\t<\/div>\n\t\t\t\t\t\t<\/div>\n\t\t\t\t\t<\/div>\n\t\t<\/div>\n\t\t\t\t\t\t\t\t<\/div>\n\t\t\t\t\t<\/div>\n\t\t<\/section>\n\t\t\t\t\t\t<\/div>\n\t\t\t\t\t\t<\/div>\n\t\t\t\t\t<\/div>\n\t\t","protected":false},"excerpt":{"rendered":"<p>Kozmetick\u00fd sal\u00f3n VERA Kozmetikck\u00fd sal\u00f3n najlep\u0161ia starostlivos\u0165 o Va\u0161e teloViz\u00e1\u017eka\u017ed\u00e1 \u017eena je kr\u00e1snaKadern\u00edctvokomplexn\u00e9 kadern\u00edcke slu\u017ey Fotogal\u00e9ria Foto prev\u00e1dzky Foto prev\u00e1dzky Foto prev\u00e1dzky Foto prev\u00e1dzky Foto prev\u00e1dzky Vstup chodba Kontakt Budova V\u00fdchodoslovensk\u00fdch tla\u010diarn\u00ed (1. poschodie) Letn\u00e1 \u010d.47, 040 01 Ko\u0161ice \u00a0 Radi V\u00e1s obsl\u00fa\u017eime na z\u00e1klade telefonick\u00e9ho dohovoru. Otv\u00e1racia doba: Pod\u013ea objedn\u00e1vok Objedn\u00e1vky na t.\u010d.\u00a0 Kadern\u00edctvo:\u00a0 &hellip;<\/p>\n<p class=\"read-more\"> <a class=\"\" href=\"http:\/\/www.salon-vera.sk\/web\/fotogaleria-2\/\"> <span class=\"screen-reader-text\">Fotogal\u00e9ria<\/span> \u010c\u00edtajte viac &raquo;<\/a><\/p>\n","protected":false},"author":1,"featured_media":0,"parent":0,"menu_order":0,"comment_status":"closed","ping_status":"closed","template":"","meta":[],"_links":{"self":[{"href":"http:\/\/www.salon-vera.sk\/web\/wp-json\/wp\/v2\/pages\/769"}],"collection":[{"href":"http:\/\/www.salon-vera.sk\/web\/wp-json\/wp\/v2\/pages"}],"about":[{"href":"http:\/\/www.salon-vera.sk\/web\/wp-json\/wp\/v2\/types\/page"}],"author":[{"embeddable":true,"href":"http:\/\/www.salon-vera.sk\/web\/wp-json\/wp\/v2\/users\/1"}],"replies":[{"embeddable":true,"href":"http:\/\/www.salon-vera.sk\/web\/wp-json\/wp\/v2\/comments?post=769"}],"version-history":[{"count":17,"href":"http:\/\/www.salon-vera.sk\/web\/wp-json\/wp\/v2\/pages\/769\/revisions"}],"predecessor-version":[{"id":1026,"href":"http:\/\/www.salon-vera.sk\/web\/wp-json\/wp\/v2\/pages\/769\/revisions\/1026"}],"wp:attachment":[{"href":"http:\/\/www.salon-vera.sk\/web\/wp-json\/wp\/v2\/media?parent=769"}],"curies":[{"name":"wp","href":"https:\/\/api.w.org\/{rel}","templated":true}]}}